{"id":1219,"date":"2025-11-19T13:27:43","date_gmt":"2025-11-19T13:27:43","guid":{"rendered":"https:\/\/alecreation.es\/?page_id=1219"},"modified":"2026-02-06T12:39:10","modified_gmt":"2026-02-06T12:39:10","slug":"audiovisual","status":"publish","type":"page","link":"https:\/\/alecreation.es\/index.php\/audiovisual\/","title":{"rendered":"Audiovisual"},"content":{"rendered":"\t\t<div data-elementor-type=\"wp-page\" data-elementor-id=\"1219\" class=\"elementor elementor-1219\">\n\t\t\t\t<div class=\"elementor-element elementor-element-29dbcf5 e-flex e-con-boxed wpr-particle-no wpr-jarallax-no wpr-parallax-no wpr-sticky-section-no e-con e-parent\" data-id=\"29dbcf5\" data-element_type=\"container\" data-e-type=\"container\" data-settings=\"{&quot;background_background&quot;:&quot;classic&quot;}\">\n\t\t\t\t\t<div class=\"e-con-inner\">\n\t\t<div class=\"elementor-element elementor-element-f4e077f e-con-full e-flex wpr-particle-no wpr-jarallax-no wpr-parallax-no wpr-sticky-section-no e-con e-child\" data-id=\"f4e077f\" data-element_type=\"container\" data-e-type=\"container\" data-settings=\"{&quot;background_background&quot;:&quot;classic&quot;}\">\n\t\t\t\t<div class=\"elementor-element elementor-element-3253e9c elementor-widget elementor-widget-heading\" data-id=\"3253e9c\" data-element_type=\"widget\" data-e-type=\"widget\" data-widget_type=\"heading.default\">\n\t\t\t\t\t<h2 class=\"elementor-heading-title elementor-size-default\">Audiovisuales<\/h2>\t\t\t\t<\/div>\n\t\t\t\t<div class=\"elementor-element elementor-element-b9a8d0f elementor-widget elementor-widget-heading\" data-id=\"b9a8d0f\" data-element_type=\"widget\" data-e-type=\"widget\" data-widget_type=\"heading.default\">\n\t\t\t\t\t<h2 class=\"elementor-heading-title elementor-size-default\">Producci\u00f3n y edici\u00f3n de contenido<\/h2>\t\t\t\t<\/div>\n\t\t\t\t<\/div>\n\t\t\t\t\t<\/div>\n\t\t\t\t<\/div>\n\t\t<div class=\"elementor-element elementor-element-50f16fd e-flex e-con-boxed wpr-particle-no wpr-jarallax-no wpr-parallax-no wpr-sticky-section-no e-con e-parent\" data-id=\"50f16fd\" data-element_type=\"container\" data-e-type=\"container\">\n\t\t\t\t\t<div class=\"e-con-inner\">\n\t\t\t\t<div class=\"elementor-element elementor-element-091a112 elementor-widget elementor-widget-text-editor\" data-id=\"091a112\" data-element_type=\"widget\" data-e-type=\"widget\" data-widget_type=\"text-editor.default\">\n\t\t\t\t\t\t\t\t\t<p data-start=\"202\" data-end=\"344\">Realizaci\u00f3n de fotograf\u00edas y videos de producto y lifestyle, abarcando iluminaci\u00f3n, captura y edici\u00f3n final para su uso en entornos digitales.<\/p>\t\t\t\t\t\t\t\t<\/div>\n\t\t\t\t\t<\/div>\n\t\t\t\t<\/div>\n\t\t<div class=\"elementor-element elementor-element-e789d88 e-flex e-con-boxed wpr-particle-no wpr-jarallax-no wpr-parallax-no wpr-sticky-section-no e-con e-parent\" data-id=\"e789d88\" data-element_type=\"container\" data-e-type=\"container\">\n\t\t\t\t\t<div class=\"e-con-inner\">\n\t\t<div class=\"elementor-element elementor-element-6c7be1e e-con-full e-flex wpr-particle-no wpr-jarallax-no wpr-parallax-no wpr-sticky-section-no e-con e-child\" data-id=\"6c7be1e\" data-element_type=\"container\" data-e-type=\"container\">\n\t\t\t\t<div class=\"elementor-element elementor-element-36122df elementor-view-default elementor-position-block-start elementor-mobile-position-block-start elementor-widget elementor-widget-icon-box\" data-id=\"36122df\" data-element_type=\"widget\" data-e-type=\"widget\" data-widget_type=\"icon-box.default\">\n\t\t\t\t\t\t\t<div class=\"elementor-icon-box-wrapper\">\n\n\t\t\t\t\t\t<div class=\"elementor-icon-box-icon\">\n\t\t\t\t<a href=\"https:\/\/alecreation.es\/index.php\/fotografias\/\" target=\"_blank\" class=\"elementor-icon elementor-animation-grow\" tabindex=\"-1\" aria-label=\"FOTOGRAF\u00cdA\">\n\t\t\t\t<svg xmlns=\"http:\/\/www.w3.org\/2000\/svg\" xmlns:xlink=\"http:\/\/www.w3.org\/1999\/xlink\" viewBox=\"0 0 96 96\"><title>alecreationRecurso 29<\/title><g id=\"Capa_2\" data-name=\"Capa 2\"><g id=\"Capa_1-2\" data-name=\"Capa 1\"><image width=\"96\" height=\"96\" xlink:href=\"data:image\/png;base64,iVBORw0KGgoAAAANSUhEUgAAAGAAAABgCAYAAADimHc4AAAACXBIWXMAAAsTAAALEwEAmpwYAAAG7klEQVR4nO2by08UWxDGTxzlJSqKbETjK4oEEzX+A4SHiIjeDYrmulASDQbc+giGuJIVwScJW8UHahRINBpWCFwJRheKuhCMA3HBY3ElGvUidfN14Gamp7unH6fv0N31S07SgZ7q7vp66tSpUyMEwzAMwzAMwzAMwzAMwySeP4QQI0IIcjhGZm0xFqgQQvwjwflzY1oI8ScrkBjnE4uQuDefgiRCvIe37PxQKEQ3b94ku9y7d48WLlwYGBGcCFAh2\/l+EqFMCDHqYlgg9YDD7ty5Q7KALQ0R3B7IvkplCDDiZecnWISwDAH+txsOSQo7FsOR28MbAqxZs4YePnxIboNr4FqeFYAxhgVIMCxAgmEBEowvBZiamqLHjx\/TmTNnaO\/evZSTk0PLly+nRYsWKQPHW7ZsofLycuWcJ0+eKJ9xQrzJ1fcCzMzMKI6sqKiglJQUy9kHPnPw4EHFBmxZJdACPHjwgLZt2yYtFdy+fbvlFDeQAnz8+JGKi4tdy8l3795NQ0NDpu5l1apVunZWr17tPwFu375NS5cu1X3ojRs30smTJ+nWrVv06tUrmpiYoF+\/fikDx\/hba2srVVdX04YNG3Tt4Bp3796Nez+YS\/RsnDt3zl8CnD9\/Xrc0cejQIert7bVkDzG\/p6eHKisrFRtatuvr6w1t\/Pz5UxEhOzv7v8\/gGM7H\/3wjQE1NjaaDdu3aRR8+fHBs\/927d1RYWKh5jdraWpKNpwSoq6uLueHU1FRqaWkh2TQ3N2tmU\/G+Cb4VADFfqGxnZWXRwMAAuUV\/fz+tXLky5rptbW3BEgDZjnrCzcrKovfv35PbICSpRVi2bBkNDw8HRwDEd3XYGTDx5n\/+\/JkuX75MJSUlymp48eLFtGnTJvr9+7el67948SImHJWWllIgBMAiS22zJU7MHxkZoWPHjmlmNA0NDbbu4\/r16zG2Hj16RPNeANmjuLjY8IGwgk1PT9f9vJM5o6CgwNVnm\/cChEIhw1SzqamJFixYYGhjcnLStgCDg4O664RACHD48GHDNz+e8zG+fv1KTjhw4EBwBejVWeEi5huFnciBt9gJz58\/95YAdkE9X13bmdEpEx89etT0AyJMOQH3sG7duiibT58+tW1v3gpw+vTpKDsorOmlmlbi8tatW2l6epqccOLEiSibZ8+e9Z8A2MmKtIOqphbI861+za9evUpOQC9SpL19+\/b5T4DNmzdH2UH5WAvU7K0KkJSURF1dXWSXly9fRtnD9qbvBMjMzIyygxq+GaGsiHDlyhXDcKS3Yh4bG4uyhVKF7wSAgyLt6NXUlyxZYkuAuZGXl0eNjY305s0bZWP++\/fvyvHFixeVsoUWP378iLKRnJwcXAHSTaafdgYKgIEVwO0QJEwMvdgeiBCE6qVbk7AwOfbs2WNqEs7NzfWfAGiairSDDXQtMJG6JQAqoFrcuHEj6rz9+\/eT7wRQdxmge0GLcDjsSoEMvwtAiUOL48ePm+568KwA6FCLtIPWkRmdUkRVVZV0AbDa1QL3sHbt2qhznz175j8BkBKqd6F6eno0zx0dHXWcjqqzny9fvmheq7u7O+rctLQ0+vbtm\/8E0Cr9VlZWGhbvZIQilLQ7Ojp0r4PeU7Mlcs8LoA5DoVBI2STX49KlS6b2BIycj9qSHligqe07CT\/zXgCwc+fOKHtFRUWG57e3t9sKRwg7nZ2dlrYkd+zYYauT2lMCYKdLbbO5udnwM1gonTp1ytQvHPFGHzlyRDfmG6W78QTzhQAAbSWRNlNSUpSmqXggjUTpGS0kWNWibIGBYyyyrl27pptqRtLX16eUGyLvoaysTMqzeUIAtIijGUqolv9G84Es3r59G1MWycjIoE+fPgVHAIAWcaGyDRHQNOUWePPVzse4f\/++tGt4RgBQX18fc8MIR3olA7tgYkXMV4cdjAsXLki9lqcEAGgR15pMkaE47XiYSzXz8\/M1r4GJXTaeE0DvmzCX0eCHdmgdsZIe4lyscLHI0ltHyH7zPS0AQIu4emKOHOvXr1fqOdhAR\/kY+wnY1MEYHx9X\/oaqJgpr6jYT9YQrM+b7RgCAFnGkmHrOczqQasrKdnwpQOTqF6tSWY7H6lvGIiswAszFcXSo4Ud6+P2AVaejqonCmtPaTmAFiATlYYiBjRLsVmHLcMWKFcpGPwaO8Tf8D+fA6U5Kyk7wpQBeggVIMCxAgmEB\/C6AmXJvUAmHw+4LgIUSi6DtfJ2mMrkC8BBWfcACiMS+OI6Z4rde2HX+3zIE6GcBhF0B\/pIhQC0LIOwKUCNDgGQhxGsWQVh1PnyWJCSRzSIIq86Hz6SSNPuVQlzjiVnEOB0+6Zv1kbQ3n2EYhmEYhmEYhmEYhhG+4V86de9jsF+tBgAAAABJRU5ErkJggg==\"><\/image><\/g><\/g><\/svg>\t\t\t\t<\/a>\n\t\t\t<\/div>\n\t\t\t\n\t\t\t\t\t\t<div class=\"elementor-icon-box-content\">\n\n\t\t\t\t\t\t\t\t\t<h2 class=\"elementor-icon-box-title\">\n\t\t\t\t\t\t<a href=\"https:\/\/alecreation.es\/index.php\/fotografias\/\" target=\"_blank\" >\n\t\t\t\t\t\t\tFOTOGRAF\u00cdA\t\t\t\t\t\t<\/a>\n\t\t\t\t\t<\/h2>\n\t\t\t\t\n\t\t\t\t\n\t\t\t<\/div>\n\t\t\t\n\t\t<\/div>\n\t\t\t\t\t\t<\/div>\n\t\t\t\t<\/div>\n\t\t<div class=\"elementor-element elementor-element-a1db826 e-con-full e-flex wpr-particle-no wpr-jarallax-no wpr-parallax-no wpr-sticky-section-no e-con e-child\" data-id=\"a1db826\" data-element_type=\"container\" data-e-type=\"container\">\n\t\t\t\t<div class=\"elementor-element elementor-element-940d1a0 elementor-view-default elementor-position-block-start elementor-mobile-position-block-start elementor-widget elementor-widget-icon-box\" data-id=\"940d1a0\" data-element_type=\"widget\" data-e-type=\"widget\" data-widget_type=\"icon-box.default\">\n\t\t\t\t\t\t\t<div class=\"elementor-icon-box-wrapper\">\n\n\t\t\t\t\t\t<div class=\"elementor-icon-box-icon\">\n\t\t\t\t<a href=\"https:\/\/alecreation.es\/index.php\/videos\" target=\"_blank\" class=\"elementor-icon elementor-animation-grow\" tabindex=\"-1\" aria-label=\"VIDEOS \/ SHORT\">\n\t\t\t\t<svg xmlns=\"http:\/\/www.w3.org\/2000\/svg\" xmlns:xlink=\"http:\/\/www.w3.org\/1999\/xlink\" viewBox=\"0 0 96 96\"><title>alecreationRecurso 13<\/title><g id=\"Capa_2\" data-name=\"Capa 2\"><g id=\"Capa_1-2\" data-name=\"Capa 1\"><image width=\"96\" height=\"96\" xlink:href=\"data:image\/png;base64,iVBORw0KGgoAAAANSUhEUgAAAGAAAABgCAYAAADimHc4AAAACXBIWXMAAAsTAAALEwEAmpwYAAAIRElEQVR4nO1d208dRRj\/Ha6NFOglTeSuida3ar28aYwmGhKgQMu19sEnk5bbQ\/8BtYmpIE0TExuK5QEKbaLxpW3aN+sLAkZoE9PA4WLLpSbqA1djpTDm2+xJ9syZ2euhu8uZX\/Il0M7uzP5+s983+80FQEFBQUFBQUFBIZzIA\/ARgG8B\/ALgLwCbuv0JYAxAL4BmALl+N3Y34RUAfQD+AcBs2oYu1Mt+Nz7MeA7ABb2HM5f2H4BOAHv8fpiw4TCA3zwQz9vPAAqwSxEB8CaAcwDuApgCsK4b\/fwjgM8BvKGXtcLruk9PILK0tJS1tbWxO3fusKmpKba+vq7Z5OQku337NmttbWUlJSUyERYAHMEuApHZCCDqoCdOAag3EeKwiPzi4mJ25coV9vTpU2YFKtPb28uKiopkIuyKN+ElfdThxSW8KPD5CW6npqaGra2tMadYXV1lx44dk9Ud6pjwtsxFOLS\/AbxvuG83X6ajo4NtbW0xt6BryWUJ6v4MIcV7+sgi7oGysrJYU1MTu379epxvpp+vXbvGGhsbtTICIp4AeFcfam7yPd8L+UYRqqqq+HopPj2PELod6rVxD1NXV8fm5uYsiZidnWUnTpwQiUAfVN\/xPt+N25FhZWWFFRYW8vV+gxAhwvv89PR01t3d7ZiMrq4ulpaWxpOxZfy9r6+PJRuXL18WvQWh+WJu4nuuG\/Jj6OzslMYGGmraGe04Bd2T3iyuPhrFhaL3R3m34xW1tbVCAShoWuHRo0fs+PHjbO\/evSw3N1dzbfPz85bXtbS08PX1IAR4iw+4MzMzngWYm5tj2dnZCQLQB5UV+fv370+47sCBA5Yi3Lp1i79uBCHAOWOjabQjAxFAb0deXp5m9fX1bGFhQVq+oaEhgchoNGpKIvV8mfuyejNpVMZdQ8PpwOOusdE0rJSRT72QJ+XgwYNSEQYHBxPKW41+yO3IBCDRzUD35q6hIXXgMW1stMz9SIaYmtXX19vtkZYCkM+X1ZOfn2\/5dSy4LvCIy8PTB1ayeuZaYo+0dEGy4E1GncAMlLQLowC2eqiZAPmSnikSwCoI01sjc3VW4gmCcPgEkD2km545KeiRlFK2wuLiopbe2Ldvn2bNzc1saWnJ8rozZ86EX4ChoSEpmaKeSf8WlYh29erVhPKUz9+JD7HNzU1RijoUQTiu0dTzZKDRDg0tyeWQUVnqrTJQcBa9MZTPTzYuXbokqmsJIcATY6MzMzPZ9PS0Z0JmZ2dlGVKtp9KIJVlYXl5mBQUFsrmBwOMx33D6GPKK6upqacwgo8mUZKWjKyoqZPV8jRDgJ1HjKavpFufPnzcl35gX8johI8j\/GK0BIUCXqPGUUqasphNsb29r5AvS0VKjyRQ37ojcjknPJ1vVp0EDj3fMCKKZKzsxIRqNyuZoLe3QoUPs4sWL2kjGClSmp6dH5vNDlwmNpaNnzB6GAjMlwgYGBtiDBw+0HktGP\/f392vfAVTGDfl8cKaxPH1Q8fXcvHmTnT59WrYagjcaWJQhRPjYK3kIln1h87nTALQA+APAHIAP4RPSPS5DYQGyCQBZNp75VX2+wHgtCeEbaNHUWgAIZB5syYbrocD8Kf\/9YzA7q\/t2DB8A+DcARDIX9tjG0sQKAL9b3MdXAQjl+vLvuIbR9CItpBobG2MbGxvsWWNjY0Oru729XTjVCeATk2eiNUL9NoX0XQDyn\/PGRtFqg\/v377Og4N69e6IVELMC3x8LsssissvKygIpQAPf84NEvlEEwZtg\/PI9oueCEkjOyMjQ3iQa4kYiEf7\/STRfMWRsEDU0qGhvb+fJG7IKskePHtVcWQxBFGDK2KDR0VEWVIyOjvLkLcqCbE5OjpYm4ecigihA3FA0mWs4kw2av7YTWCsrK6VrioIowLaxQZRgCzIiiQTGBdkbN244vd53AViYBIBFkLWCEsAjrIKsFZQASRbA6YS\/EsAjvLpMJYBHKAF8BtQboARQw1CoGOAblAvyGVAxQAmgYgBUDPANygX5DKhURLAEUMm4gKSjz549K91waITKBXnErp+QSeZOlmRDtAtzN0xJxjVoZGSEBRUjIyO2BAjbpLzjbaV+gdpmVwBZkA78pDxttBsfH2dBw\/j4uHQToJUFfWEWbe2JaxRtipiYmGBBIr\/I3kYNU5MsTfRdgElRY6m30Ss\/PDzsS2BeXV3V6qZNeSY9n868e+hRGN8FGPTas+CfDdhY\/x94AeoDQCRzacYz4l4DMBpGAbKsNu0F1B4CyOCehchsBbDi4D6+L08n1CaLmEgkIrQdEKDK5HkKAXwfJgEIX7oh4uTJk44WR1FZusYj+XQssh1U2gjSgREgzakIzc3Nro6i8SjCBYek5QD4yuQPRwRGgBhq+HPlRNbQ0JCw011GLG36FpU9deqUE+JpS1K1h+cSBWlft6maIRNAHYAfRId7Nwt6PhEsOrYyZnTWkEgEupfkmg1988iAvhWJD7huEAvSj3VBaZdoYLFH3wTtmXy4E4HqzkYKo4MnhQ55dUs+3InQhhRG3FEGdIifV\/JhIYLgoMBQHEW8U1g3ksGfFbfpknwzEeiMOq4c7V9LSdDQLI4M4wzTpkfyZSJQHYJyKYkEAcrLyzWC6LTzaovz4XSb0UcapuXoXrH7Uh1KAIkADm0GQAmAUjsiWFhKwosADwG8YLhXicdkX8piPQnkexWBZutSFk5z67M60TK4cUehOIh1p9DukPxSG\/d0KgKlDVIW2aJUhAfynYrwa6qnIghFFiL8CqDYxX2LbdyX6lbQe2Gb7o9jf9Z2WD+Zys5phc\/6vgoKCgoKCgoKCtgp\/A\/Ss7lxfLhKhQAAAABJRU5ErkJggg==\"><\/image><\/g><\/g><\/svg>\t\t\t\t<\/a>\n\t\t\t<\/div>\n\t\t\t\n\t\t\t\t\t\t<div class=\"elementor-icon-box-content\">\n\n\t\t\t\t\t\t\t\t\t<h2 class=\"elementor-icon-box-title\">\n\t\t\t\t\t\t<a href=\"https:\/\/alecreation.es\/index.php\/videos\" target=\"_blank\" >\n\t\t\t\t\t\t\tVIDEOS \/ SHORT\t\t\t\t\t\t<\/a>\n\t\t\t\t\t<\/h2>\n\t\t\t\t\n\t\t\t\t\n\t\t\t<\/div>\n\t\t\t\n\t\t<\/div>\n\t\t\t\t\t\t<\/div>\n\t\t\t\t<\/div>\n\t\t\t\t\t<\/div>\n\t\t\t\t<\/div>\n\t\t<div class=\"elementor-element elementor-element-51b68e7 e-flex e-con-boxed wpr-particle-no wpr-jarallax-no wpr-parallax-no wpr-sticky-section-no e-con e-parent\" data-id=\"51b68e7\" data-element_type=\"container\" data-e-type=\"container\">\n\t\t\t\t\t<div class=\"e-con-inner\">\n\t\t\t\t<div class=\"elementor-element elementor-element-fac7b85 elementor-button-info elementor-mobile-align-center elementor-align-center elementor-widget elementor-widget-button\" data-id=\"fac7b85\" data-element_type=\"widget\" data-e-type=\"widget\" data-widget_type=\"button.default\">\n\t\t\t\t\t\t\t\t\t\t<a class=\"elementor-button elementor-button-link elementor-size-sm\" href=\"https:\/\/alecreation.es\/index.php\/portfolio\/\">\n\t\t\t\t\t\t<span class=\"elementor-button-content-wrapper\">\n\t\t\t\t\t\t<span class=\"elementor-button-icon\">\n\t\t\t\t<svg aria-hidden=\"true\" class=\"e-font-icon-svg e-far-arrow-alt-circle-left\" viewBox=\"0 0 512 512\" xmlns=\"http:\/\/www.w3.org\/2000\/svg\"><path d=\"M8 256c0 137 111 248 248 248s248-111 248-248S393 8 256 8 8 119 8 256zm448 0c0 110.5-89.5 200-200 200S56 366.5 56 256 145.5 56 256 56s200 89.5 200 200zm-72-20v40c0 6.6-5.4 12-12 12H256v67c0 10.7-12.9 16-20.5 8.5l-99-99c-4.7-4.7-4.7-12.3 0-17l99-99c7.6-7.6 20.5-2.2 20.5 8.5v67h116c6.6 0 12 5.4 12 12z\"><\/path><\/svg>\t\t\t<\/span>\n\t\t\t\t\t\t\t\t\t<span class=\"elementor-button-text\">VOLVER<\/span>\n\t\t\t\t\t<\/span>\n\t\t\t\t\t<\/a>\n\t\t\t\t\t\t\t\t<\/div>\n\t\t\t\t\t<\/div>\n\t\t\t\t<\/div>\n\t\t<div class=\"elementor-element elementor-element-21657e0 e-flex e-con-boxed wpr-particle-no wpr-jarallax-no wpr-parallax-no wpr-sticky-section-no e-con e-parent\" data-id=\"21657e0\" data-element_type=\"container\" data-e-type=\"container\" data-settings=\"{&quot;background_background&quot;:&quot;classic&quot;}\">\n\t\t\t\t\t<div class=\"e-con-inner\">\n\t\t<div class=\"elementor-element elementor-element-e17e44f e-con-full e-flex wpr-particle-no wpr-jarallax-no wpr-parallax-no wpr-sticky-section-no e-con e-child\" data-id=\"e17e44f\" data-element_type=\"container\" data-e-type=\"container\">\n\t\t<div class=\"elementor-element elementor-element-79b3084 e-con-full e-flex wpr-particle-no wpr-jarallax-no wpr-parallax-no wpr-sticky-section-no e-con e-child\" data-id=\"79b3084\" data-element_type=\"container\" data-e-type=\"container\">\n\t\t\t\t<div class=\"elementor-element elementor-element-7cdb85c elementor-widget elementor-widget-heading\" data-id=\"7cdb85c\" data-element_type=\"widget\" data-e-type=\"widget\" data-widget_type=\"heading.default\">\n\t\t\t\t\t<h2 class=\"elementor-heading-title elementor-size-default\">Open\n<br> to work.<\/h2>\t\t\t\t<\/div>\n\t\t\t\t<\/div>\n\t\t<div class=\"elementor-element elementor-element-45b9822 e-con-full e-flex wpr-particle-no wpr-jarallax-no wpr-parallax-no wpr-sticky-section-no e-con e-child\" data-id=\"45b9822\" data-element_type=\"container\" data-e-type=\"container\">\n\t\t\t\t<div class=\"elementor-element elementor-element-ff92b5f elementor-widget elementor-widget-text-editor\" data-id=\"ff92b5f\" data-element_type=\"widget\" data-e-type=\"widget\" data-widget_type=\"text-editor.default\">\n\t\t\t\t\t\t\t\t\t<p>Con disposici\u00f3n inmediata para aportar soluciones visuales integrales.<\/p>\t\t\t\t\t\t\t\t<\/div>\n\t\t<div class=\"elementor-element elementor-element-4bd841e e-grid e-con-full wpr-particle-no wpr-jarallax-no wpr-parallax-no wpr-sticky-section-no e-con e-child\" data-id=\"4bd841e\" data-element_type=\"container\" data-e-type=\"container\">\n\t\t\t\t<div class=\"elementor-element elementor-element-b152dc0 elementor-button-info elementor-mobile-align-center elementor-widget elementor-widget-button\" data-id=\"b152dc0\" data-element_type=\"widget\" data-e-type=\"widget\" data-widget_type=\"button.default\">\n\t\t\t\t\t\t\t\t\t\t<a class=\"elementor-button elementor-button-link elementor-size-sm\" href=\"mailto:alecreation@gmail.com\">\n\t\t\t\t\t\t<span class=\"elementor-button-content-wrapper\">\n\t\t\t\t\t\t\t\t\t<span class=\"elementor-button-text\">alecreation@gmail.com<\/span>\n\t\t\t\t\t<\/span>\n\t\t\t\t\t<\/a>\n\t\t\t\t\t\t\t\t<\/div>\n\t\t\t\t<div class=\"elementor-element elementor-element-fbc4c20 elementor-button-info elementor-mobile-align-center elementor-widget elementor-widget-button\" data-id=\"fbc4c20\" data-element_type=\"widget\" data-e-type=\"widget\" data-widget_type=\"button.default\">\n\t\t\t\t\t\t\t\t\t\t<a class=\"elementor-button elementor-button-link elementor-size-sm\" href=\"https:\/\/wa.me\/649200677\">\n\t\t\t\t\t\t<span class=\"elementor-button-content-wrapper\">\n\t\t\t\t\t\t\t\t\t<span class=\"elementor-button-text\">Whatsapp 649.200.677<\/span>\n\t\t\t\t\t<\/span>\n\t\t\t\t\t<\/a>\n\t\t\t\t\t\t\t\t<\/div>\n\t\t\t\t<\/div>\n\t\t\t\t<\/div>\n\t\t\t\t<\/div>\n\t\t\t\t\t<\/div>\n\t\t\t\t<\/div>\n\t\t\t\t<\/div>\n\t\t","protected":false},"excerpt":{"rendered":"<p>Audiovisuales Producci\u00f3n y edici\u00f3n de contenido Realizaci\u00f3n de fotograf\u00edas y videos de producto y lifestyle, abarcando iluminaci\u00f3n, captura y edici\u00f3n final para su uso en entornos digitales. alecreationRecurso 29 FOTOGRAF\u00cdA alecreationRecurso 13 VIDEOS \/ SHORT VOLVER Open to work. Con disposici\u00f3n inmediata para aportar soluciones visuales integrales. alecreation@gmail.com Whatsapp 649.200.677<\/p>\n","protected":false},"author":1,"featured_media":0,"parent":0,"menu_order":0,"comment_status":"closed","ping_status":"closed","template":"","meta":{"footnotes":""},"class_list":["post-1219","page","type-page","status-publish","hentry"],"_links":{"self":[{"href":"https:\/\/alecreation.es\/index.php\/wp-json\/wp\/v2\/pages\/1219","targetHints":{"allow":["GET"]}}],"collection":[{"href":"https:\/\/alecreation.es\/index.php\/wp-json\/wp\/v2\/pages"}],"about":[{"href":"https:\/\/alecreation.es\/index.php\/wp-json\/wp\/v2\/types\/page"}],"author":[{"embeddable":true,"href":"https:\/\/alecreation.es\/index.php\/wp-json\/wp\/v2\/users\/1"}],"replies":[{"embeddable":true,"href":"https:\/\/alecreation.es\/index.php\/wp-json\/wp\/v2\/comments?post=1219"}],"version-history":[{"count":64,"href":"https:\/\/alecreation.es\/index.php\/wp-json\/wp\/v2\/pages\/1219\/revisions"}],"predecessor-version":[{"id":1662,"href":"https:\/\/alecreation.es\/index.php\/wp-json\/wp\/v2\/pages\/1219\/revisions\/1662"}],"wp:attachment":[{"href":"https:\/\/alecreation.es\/index.php\/wp-json\/wp\/v2\/media?parent=1219"}],"curies":[{"name":"wp","href":"https:\/\/api.w.org\/{rel}","templated":true}]}}